mine k(-3).
-2
Let m = 260 - 253. Let n = -23 - -27. Let v(c) = -3*c**3 + 1 + 2*c - 7*c + 2*c**3 - n + 8*c**2. What is v(m)?
11
Let p be -8 + (-24)/(-9)*33/44. Let n(k) = -2*k - k**3 - 8*k**2 + 0*k + 2*k**2 - 7. Give n(p).
5
Suppose 0 = 11*l + 94 + 16. Let w(u) = 2 - 14 - 1 + 664*u - 3 - 667*u. Determine w(l).
14
Let d(x) be the third derivative of x**5/30 + x**4/6 - 2*x**3/3 + 3*x**2 + x + 475. Let z(k) = -k - 2. Let r be z(-5). Calculate d(r).
26
Let b(s) = 5*s + 141. Let r = -21317 - -21290. What is b(r)?
6
Let k(a) = -7738*a - 7736*a - 119 - 7736*a + 30944*a - 7745*a. Give k(-10).
-9
Let k(r) be the first derivative of -3*r**2 + 4*r - 750. Give k(1).
-2
Let r(g) = g**3 - 6*g + 0*g**3 + 10341 - 10340. Calculate r(5).
96
Suppose 4*n - 18 - 14 = 0. Let o(t) be the third derivative of -t**6/120 + 7*t**5/60 + t**4/4 + 11*t**3/6 + 2*t**2 - 347. Determine o(n).
-5
Suppose 25 = -2*q - 3*w, -5*q + 7*w - 3*w - 28 = 0. Let o(g) = 467*g**2 - 153*g**2 - 165*g**2 - 158*g**2 - g**3 + 5 - 8*g. Calculate o(q).
5
Suppose -i = 2*i - 21. Suppose -3*n - 18 = 2*l, -3*n - 9 = 14*l - 9*l. Let q be n/(-28) - (-5)/i. Let d(j) = j**3 - j + 1. Calculate d(q).
1
Let b(l) = 13*l + 68. Let k(u) = -14*u - 65. Let s(j) = -4*b(j) - 5*k(j). Give s(-4).
-19
Let h(j) = -10*j + 60. Let z(b) be the third derivative of -b**4/8 + 10*b**3/3 + 22*b**2 + 2*b. Let u(w) = -2*h(w) + 7*z(w). Give u(10).
10
Let d(c) = -155*c - 45. Let m(p) = -7*p - 2. Let y(z) = 2*d(z) - 45*m(z). Let s = 898 + -928. Let u be (4/s)/(28/126)*-5. Determine y(u).
15
Let v(c) be the first derivative of c**4/4 + 2*c**3/3 - 7*c**2 - 8*c + 1449. Give v(-5).
-13
Let z = 43470 - 43468. Let t(k) = 2*k**3 - 8*k + 8. What is t(z)?
8
Let v(x) = -490*x - 494*x - 10 + 971*x + x**2 + 18 + 29. Determine v(6).
-5
Let n(b) = b**3 + 4*b**2 - 4*b - 13. Let v be n(-4). Suppose w = 4*i - 21, 3*i + 5*w = 13 - v. Let q(m) = -3*m + i - 371*m**2 + 370*m**2 + 0*m. What is q(-6)?
-13
Let c(w) = 253*w**2 - 9*w + 4. Let x(p) = -351*p**2 + 14*p - 6. Let u(j) = 7*c(j) + 5*x(j). Calculate u(-2).
48
Suppose -2*i - 8 = -4*p, 3*p + 2*i - 6 = -i. Let f(b) = -2 - 3*b - 5*b**3 - 2*b**3 - 5*b**p + 6*b**3 - 2. Calculate f(-4).
-8
Suppose 11*n + 47 = -30. Let b = 17 - n. Suppose -4*h + b = -5*g - 3*h, 4*g + 3*h = -4. Let u(f) = f**2 + 2*f + 4. Determine u(g).
12
Let m(z) be the second derivative of -4*z**3 - 5*z**2/2 + 875*z. What is m(-3)?
67
Suppose -28*u + 3*u = 51*u + 2356. Let g(z) = -2*z - 94. Determine g(u).
-32
Suppose -9*i = -10*i + 2. Let z(d) = 0*d**i - 9 + d**2 + 5*d + 15. Suppose 2*k - f - 10 = 4*f, 5*k - 4*f + 9 = 0. Give z(k).
6
Let j(q) be the first derivative of -21 - 3*q**3 + 2*q - 3*q + 19 + q**2. Let s be (10 + -4 - 4) + -1. Give j(s).
-8
Let n(p) = -2*p**2 + 15*p + 29. Let u be (-6)/(-162) - 3228/(-324). What is n(u)?
-21
Let n(a) = a**3 + 6*a**2 - 73*a - 452. Let f be n(-7). Let b(l) = l**3 - 13*l**2 + 29*l + 10. Give b(f).
0
Let l(a) = 6*a + 0*a**2 + a**2 - 2*a**3 - 3*a**2 + 1 + 3. Give l(-2).
0
Let f(x) be the first derivative of 2*x**3/3 + 18*x**2 + 155*x + 3869. Give f(-11).
1
Let m(q) = 2*q**2 + 53*q + 335. Let d be m(-16). Let i(a) = 123*a**3 - 4*a - 2. What is i(d)?
-121
Suppose -487*n = -481*n - 3042. Let t(g) = -2 - 499*g**2 + 3*g + 1 + n*g**2 + g. What is t(1)?
11
Let i(r) = r**2 + 5*r - 1. Suppose -13*a = 15*a + 280. Let d be (((-10)/4 - 2) + 5)*a. Determine i(d).
-1
Let i(s) = -91*s**3 - 10*s**2 + 6*s - 11. Let o(k) = -18*k**3 - 2*k**2 + k - 2. Let z = 90 - 92. Let u(q) = z*i(q) + 11*o(q). Give u(-1).
15
Suppose 0 = 3*g - 3, -50 = -3*d + g - 12. Let c(q) = 0*q**3 + 66762*q**2 + q**3 - q - 66775*q**2 + 10. Determine c(d).
-3
Suppose -2*y = 4*y - 5*y. Suppose -5*k + 185 = -y*k. Suppose -7*g + 5 = -k. Let z(b) = b**3 - 6*b**2 - b - 4. Give z(g).
-10
Let m(h) be the second derivative of h**5/20 - 13*h**4/12 - 7*h**3/3 + h**2/2 - 52*h - 7. Determine m(14).
1
Suppose 5*s = -5*r + 48 + 262, -121 = -2*s - 3*r. Let y = -1615 + 1640. Suppose -15*h + y + s = 0. Let f(x) = -x**2 + 6*x + 1. Calculate f(h).
1
Suppose -19*s - 6 = -22*s. Let f(h) be the first derivative of -h**3/3 + h**2/2 - 2*h + 23. What is f(s)?
-4
Suppose 108 = -39*s + 45*s. Let m(d) = -d**3 + 18*d**2 + 5. Let h be m(s). Let b(l) be the first derivative of l**3/3 - 5*l**2/2 + 3*l - 1. Give b(h).
3
Let j(v) = -v + 2. Let n(r) = -2*r**2 + 37*r - 173. Let b be n(8). Let f(y) = 6 - y + y - 2*y. Let x(t) = b*f(t) + 16*j(t). Calculate x(-2).
14
Let w(i) = 2*i**3 - 23*i**2 + 11*i + 28. Let b be w(11). Let r(s) = -15 + 6*s + b - 12. Determine r(3).
19
Suppose -29*z - 20 = -39*z. Let p(d) = -91*d**3 + 79*d**3 - 4*d**2 + 3*d**z. Determine p(1).
-13
Let g(y) = 7*y - 2 - 18 + 50 + 40 + 0*y. Let w be g(-11). Let d(b) = -b**3 - 7*b**2 + b + 11. Give d(w).
4
Let a(s) be the first derivative of s**3/3 + 5*s**2 + 13*s + 40. Calculate a(-7).
-8
Let b = -13553 + 13544. Let h(m) = m**2 + 13*m + 27. Give h(b).
-9
Let r(n) be the first derivative of n**3/3 + 3*n**2/2 - 6*n - 1481. Calculate r(4).
22
Suppose 868*g + 4*n = 867*g + 11, -2*g - n = -15. Let h(k) = -k**2 - 4*k + 57. Give h(g).
-20
Let y(n) be the first derivative of -5/2*n**2 + 136 + 35*n. What is y(8)?
-5
Let d be (-22)/(-5) - 8/(-100)*-5. Let i be 4*((-6)/d)/((-3)/2). Let x(m) be the first derivative of -2*m**3/3 + 7*m**2/2 - 4*m + 1. Give x(i).
-8
Let f(q) = 39*q**2 + 11*q + 15. Let k(x) = -8*x**2 - x - 1. Let h(n) = f(n) + 5*k(n). Determine h(6).
10
Let m = 20918 + -20917. Let l(v) = 20*v**3 - 2*v**2 + 3*v - 2. Give l(m).
19
Let v(k) = k**3 - 5*k**2 - 3*k - 2. Suppose -3*l + 3*c + 36 = 0, -2*c = -l - 3*l + 48. Let y be -9*(2 - 44/l). Suppose -12*j + y = -9*j. Determine v(j).
-17
Let a(z) = z**3 + 5*z**2 - z - 1. Let o = 5755 + -5760. What is a(o)?
4
Let n(f) be the second derivative of 0*f**4 - 1/2*f**2 - 1/6*f**3 + 23*f + f**5 + 0. Determine n(-1).
-20
Suppose r + 1 = -4. Let m = -40 + 43. Let h(p) = m*p - 1 - 4*p + 2 - 6. What is h(r)?
0
Let a be 2*3*(-480)/(-1440). Let d(z) = -9*z**2 - 2*z + 3. Determine d(a).
-37
Let l(h) be the first derivative of h**4/2 + 34*h**3/3 + h**2/2 + 16*h + 817. Give l(-17).
-1
Let w = -494 + 489. Let y(v) = -3*v**3 - 16*v**2 - 4*v - 9. Let n(m) = -2*m**3 - 11*m**2 - 3*m - 6. Let k(s) = w*y(s) + 8*n(s). Give k(-8).
29
Let l be 164/6*27/18. Let c = l + -19. Let v(r) = 20 + 0*r - c + 3*r. Give v(3).
7
Let r(i) be the third derivative of i**5/60 - 13*i**4/24 + 3*i**3/2 - 134*i**2. Calculate r(8).
-31
Let y be 2 - (-1 + -2 - -1). Suppose -y = p - 5. Let b(k) be the first derivative of k**3/3 - k**2/2 - k - 312. What is b(p)?
-1
Let f(t) = -12*t + 2. Let g(x) = 11*x - 1. Suppose 13*p + 89 = -2. Let q(b) = p*g(b) - 6*f(b). Give q(-2).
5
Let n be ((-16)/(-12) + (-132)/72)*-6. Let k(l) = l**3 - 6*l**2 - 7*l - 2. Let m(y) = y**2 + y + 1. Let b(f) = -k(f) - 4*m(f). What is b(n)?
-2
Let i(u) = -4*u**2 + 46*u + 15. Let q(r) = -3*r**2 + 43*r + 15. Let b(f) = -6*i(f) + 7*q(f). Calculate b(-8).
7
Let i(c) = 6*c**3 - c**2 - 4*c + 1. Let r(l) = l**3 + l**2 - 1. Let z(k) = 7*k + 43. Let o be z(-6). Let v(q) = o*i(q) - 5*r(q). What is v(6)?
-18
Suppose 2*l + 10*l = 204. Let f(g) = -l - 21 + g**2 + 55 - g**3. Give f(0).
17
Let z(a) = -6*a + 3. Let q(g) = -14*g + 6. Suppose -3*p + 5 = 2, 3*p = 4*x + 23. Let j(h) = x*z(h) + 2*q(h). Calculate j(4).
5
Suppose -3*u = -6*n - 6, -4*u = -4*n + 6*n + 22. Let j(w) be the third derivative of -1/3*w**3 + 0 + 1/24*w**4 + 0*w - 6*w**2. Determine j(u).
-6
Let d be -26 + 22 - (1 + -86). Let m(n) be the first derivative of -164*n + d*n + 81*n - 2*n**2 - 45. Determine m(-1).
2
Let b = 1026 + -1022. Let f(s) be the second derivative of -s**4/12 + 5*s**3/6 - 3*s**2 - 11*s. Determine f(b).
-2
Let s(h) be the second derivative of -h**3/2 - 2*h**2 - 90*h. Let j be (-297)/165*(-20)/(-6). What is s(j)?
14
Let b = -2337 + 2337. Let g(k) = -k**3 - k**2 - 2*k - 13. Calculate g(b).
-13
Suppose -4*c + 19 = u, 0 = 2*u - 158*c + 161*c - 13. Let i(q) = -6*q**2 - 8*q - 8. Calculate i(u).
-6
Let q = 565 - 568. Let t be 2*(0 + (3/(-2))/q). Let x(d) = -9*d**3 + 2*d**2 - 2*d + 1. Give x(t).
-8
Let w(y) = -y**2 - 3*y + 15. Suppose 64*f - 83 + 193 = -146. Calculate w(f).
11
Let k(l) = -l**2 - 22*l - 15. Let u be k(-21). Let n(j) = -7*j + 19 + j**2 - 6*j + 5*j - u*j. Give n(13).
6
Let j(r)